 be -35 + -1*2/(-2). Calculate the remainder when x(23) is divided by s/3*(-3)/2.
16
Suppose -2*d - 64 = -4*i - 16, 2*i = -5*d. Suppose i*o - 11*o + 9 = 0. What is the remainder when 31 is divided by o?
4
Suppose -3*w = 5*y - 67, 28*y + 46 = 2*w + 30*y. Calculate the remainder when 357 is divided by w.
21
Suppose -3*h - 195 - 435 = 0. What is the remainder when (-2)/4*(h + 6) is divided by 36?
30
Calculate the remainder when (-16 - -7 - -5)*19/(-2) is divided by 9.
2
Suppose -c = 2*d - 4, 2*c + 0*c - 10 = -2*d. Suppose -4*h + c*h = 20. Calculate the remainder when 240/9 + 1/3 is divided by h.
7
Suppose 2*u + 3*p - 207 = 74, 0 = 4*u - 5*p - 573. Let d = 56 + -19. Calculate the remainder when u is divided by d.
31
Suppose 0 = -2*t - 4*h + 580, 0 = -t + 2*h + 389 - 83. What is the remainder when t is divided by 61?
54
Suppose -707 = -147*y + 140*y. Calculate the remainder when y is divided by 32.
5
Suppose -2*j - 4*r + 74 = 0, 4*j - r - 116 - 32 = 0. Calculate the remainder when 118 is divided by j.
7
Let l(b) = -5*b + b + 2 + b + 2*b + 6*b**2. Let f be l(2). Let d = 34 - f. Calculate the remainder when 29 is divided by d.
9
Suppose 0 = -7*k + 15*k - 1016. What is the remainder when k is divided by 16?
15
Let y be 17660/28 + (-4)/(-14). Suppose y = 6*l - 443. Suppose -5*f + 2*o + l = -0*o, -5*o = -3*f + 96. Calculate the remainder when f is divided by 19.
18
Suppose -3*f = -5*n - 81, -2*n = -5*f + 36 + 80. Calculate the remainder when f is divided by 2*(0 - (-2 + 0)).
2
Let u(g) = -g**2 - 2*g + 7. Let k = 2 - 2. Let f be u(k). Suppose v = 2 + f. What is the remainder when 25 is divided by v?
7
Suppose s = -0*s + 2. Let x be s/4*(0 + 206). Suppose 0 = -2*k - 5*o + 53, -4*o + x = 5*k - 72. What is the remainder when k is divided by 21?
18
Let p be (-2)/(-3) + 530/6. Suppose -q - 4*i + p = 0, 4*q - 2*i = 2*i + 276. Let b = -38 + q. Calculate the remainder when b is divided by 19.
16
Suppose 3*a + 18 = w, -4*w + 3*a + 0*a + 45 = 0. Let v = 23 - w. Suppose 3*m + b = 58, 5*m + 4*b + v - 113 = 0. What is the remainder when 54 is divided by m?
16
Calculate the remainder when 142 is divided by 5 + (7 + 13 - -4).
26
Let t = 24 + -22. Suppose 57 = 5*d + 2*k, -3*d = t*d - 3*k - 77. What is the remainder when 33 is divided by d?
7
Suppose 66*a + 1908 = 78*a. Calculate the remainder when a is divided by 21.
12
Suppose -4*m = -2*h - 8, -6*h = m - h - 13. Suppose 29 = o - r + 4*r, -67 = -m*o + r. Calculate the remainder when o is divided by 6.
5
Suppose -1235 + 310 = -5*k. What is the remainder when k is divided by 70?
45
Let p(y) = -5*y - 123. Calculate the remainder when 356 is divided by p(-49).
112
Let r = 8 + -6. Let w(o) = o. Let x be w(r). What is the remainder when (2/1)/x - -30 is divided by 17?
14
Suppose -22*l = -17*l - 330. Calculate the remainder when l is divided by 17.
15
Let s = 115 + -99. What is the remainder when s is divided by ((-102)/85)/((-4)/30)?
7
Suppose -i = 8*i + 423. Let d = i - -118. What is the remainder when d is divided by 24?
23
Suppose -2*s + 7 + 11 = 0. Suppose -5*o + 432 = -4*l, -l - s = 2*l. Calculate the remainder when o is divided by 29.
26
Let z = -426 - -654. What is the remainder when z is divided by 108?
12
Let m be -2 - -6 - (1 + 1). Suppose 2*y - 64 = -m*y. Let r = 26 - y. What is the remainder when 17 is divided by r?
7
Calculate the remainder when 265 is divided by (0 - -43) + (43 - 40).
35
Suppose -3*w = -o - 0 - 3, -4*o + 20 = -4*w. Let t(u) = -5*u + 3. Let i be t(-5). Suppose 2*g = i + 4. What is the remainder when g is divided by o?
7
Suppose -5*o - 4*o + 27 = 0. Suppose -13 = -o*t + n, -2*n = 5*t - 7*n - 5. What is the remainder when 8 is divided by t?
2
What is the remainder when (-1)/5 - ((-24276)/(-35))/(-3) is divided by 29?
28
Let w(a) = 12*a + 6. Let l be w(-4). Let h = -10 - l. What is the remainder when 62 is divided by h?
30
Suppose 3*a - j + 0 - 19 = 0, -2*a = -4*j - 16. Let v(g) = -g**3 + 6*g**2 + g - 1. Calculate the remainder when 22 is divided by v(a).
2
Let h = 23 + -27. Let y(r) = -r**2 - 6*r - 6. Let s be y(h). Let q = 7 - s. Calculate the remainder when 17 is divided by q.
2
Suppose 0*u = -4*u + 3*k - 3, -4*u - 5*k = -37. Suppose -u*z - 2*z - 5*q + 220 = 0, 54 = z - q. Calculate the remainder when z is divided by 25.
24
Suppose 2*y - 3*y + 34 = 0. Let p = 93 - -40. What is the remainder when p is divided by y?
31
Let k = -18 - -46. Suppose -4 = -2*b + 4*g, -4*g + 2 = -b - 0*b. Calculate the remainder when k is divided by b.
4
Suppose -32 = -4*w + 8. Let q be -3 + -33*8/(1 - -3). Let x = q - -108. Calculate the remainder when x is divided by w.
9
Suppose -17*r + 495 = 16*r. Calculate the remainder when 85 is divided by r.
10
Suppose 0 = -3*b - 2*l + 71, 0 = b - 3*l - l - 19. Calculate the remainder when 160 is divided by b.
22
Suppose 0 = 3*o - 2*o + 2, 0 = -2*c - 2*o + 22. Let k = -15 + 9. Let x = k + c. Calculate the remainder when 26 is divided by x.
5
Let y = 97 - 155. Let a = -19 - y. Calculate the remainder when a is divided by 21.
18
Suppose 548 - 2144 = -12*r. Calculate the remainder when r is divided by 34.
31
Suppose -4 = -2*c - 0*c. Suppose -3*x - c*x = -415. Suppose -x = -4*p - 11. Calculate the remainder when 34 is divided by p.
16
Let c(i) = -3 + 4 - 2 - 31*i. Let x be 0 + (-3 - -1) + 1. What is the remainder when 58 is divided by c(x)?
28
Let m = 338 - 308. Calculate the remainder when 234 is divided by m.
24
Let t(b) = 25*b - 2. Let u = -34 + 43. Let s = 8 + u. What is the remainder when t(2) is divided by s?
14
Calculate the remainder when 501 is divided by 1233/48*2 - 165/440.
42
Let i = -34 + 28. Let j(r) = -2*r - 6. Calculate the remainder when 10 is divided by j(i).
4
Let g be (-4)/10 + 24/10. Suppose -4 = 2*b - 3*s - 2, 6 = 2*b + s. Suppose -g*j = b*j - 292. Calculate the remainder when j is divided by 19.
16
Suppose -3*j + 300 = 3*u, -u + 38 + 58 = -j. What is the remainder when u is divided by 26?
20
Let r(y) = -y - 6. Let m be r(-8). Let d(p) = -10 + 10 + m*p + 14. Calculate the remainder when 6 is divided by d(-6).
0
Let r(x) = 3*x - 24. Let j(t) = 3*t - 23. Let f(n) = 2*j(n) - 3*r(n). Calculate the remainder when 3 is divided by f(8).
1
Let z(h) = -h - 2. Let f be z(-7). Suppose 5*n - 4*l = 45, f*l - l = -4*n. Suppose -n*q - 8 = -23. Calculate the remainder when 6 is divided by q.
0
Let n(m) = -m**2 - 10*m + 14. What is the remainder when 112 is divided by n(-9)?
20
Let c(o) = 9*o + 27. Let f(w) = -13*w - 40. Let k(h) = -7*c(h) - 5*f(h). Calculate the remainder when 94 is divided by k(4).
18
Let g = 24 + 4. Calculate the remainder when 390 is divided by g.
26
Suppose -a + 5*p = 4, -4*a + 41 = -3*a + 4*p. Calculate the remainder when 74 is divided by a.
11
Let d be (18 - 16)*6/4. Let c be (-6 + 9)*d*1. Calculate the remainder when -1 + c/((-27)/(-84)) is divided by 14.
13
Let n(j) = j**2 - 3*j + 7. Let u be n(2). Suppose -u*i + 4*c = 5*c - 501, c = -4. Calculate the remainder when i is divided by 26.
23
Suppose 0 = r + 4*h - 332, 6*h + 5 = 7*h. Calculate the remainder when r is divided by 63.
60
Suppose 2*t + 3 - 59 = 0. Suppose 0 = a + a - t. What is the remainder when a is divided by 1*-2*(-3)/(18/15)?
4
Let d(l) = -l**3 - 8*l**2 + 3*l + 13. Calculate the remainder when 2679 is divided by d(-9).
66
What is the remainder when 74 is divided by -25*((-1)/(-4) - (-45)/(-36))?
24
Suppose 165*c - 157*c = 104. Let d(w) = -w**3 - 4*w**2 - 3*w - 1. Let j be d(-3). Calculate the remainder when c is divided by j/(-1) - (1 - 3).
1
Suppose -4262 + 1112 = -25*c. Calculate the remainder when c is divided by 45.
36
Let w be 6/15 - 1215/(-25). Suppose 5*a + 26 + w = 0. Let g = -3 - a. Calculate the remainder when 46 is divided by g.
10
Let k(q) = 22*q + 95. What is the remainder when 104 is divided by k(-4)?
6
Let m be (-4*5)/((-1)/9). Suppose -2*a - 4 = 0, -x - 4*a = -5*x + m. Calculate the remainder when x is divided by 22.
21
Suppose -50*w - 1308 = -62*w. What is the remainder when 432 is divided by w?
105
Suppose j = 94 - 1. What is the remainder when j is divided by 10/(-6) + 2387/93?
21
Suppose z - 7*z = 0. Calculate the remainder when 3 + (2 + 5 - z) is divided by 6.
4
Suppose -24 = -4*k - 4*g, -g = -3*k + 102 - 64. What is the remainder when (-109*(-1 - 0))/1 is divided